{"id":38,"date":"2020-09-03T22:02:42","date_gmt":"2020-09-04T01:02:42","guid":{"rendered":"http:\/\/www.livrodecantos.com.br\/p\/?page_id=38"},"modified":"2020-09-03T22:04:59","modified_gmt":"2020-09-04T01:04:59","slug":"38-2","status":"publish","type":"page","link":"http:\/\/www.livrodecantos.com.br\/p\/38-2\/","title":{"rendered":"Projeto"},"content":{"rendered":"<div class=\"boldgrid-section\" style=\"padding: 0em;\">\n<div class=\"container\">\n<div class=\"row\" style=\"padding-bottom: 26px; padding-top: 13px;\">\n<div class=\"col-md-6 col-xs-12 col-sm-12\" style=\"padding: 0em 1.8em 0em 1em; border-radius: 0px; box-shadow: #cecece 0px 0px 0px 0px;\">\n<div class=\"\">\n<p class=\"\">Livro de Cantos \u00e9 uma iniciativa destinada a participantes de minist\u00e9rios de m\u00fasica e louvor, volunt\u00e1rios de movimentos musicais pastorais, equipes de liturgia, equipes de canto e m\u00fasicos em geral.<\/p>\n<p class=\"\">Essa \u00e9 uma iniciativa&nbsp;<strong>sem fins lucrativos&nbsp;<\/strong>n\u00e3o sendo permitida sua comercializa\u00e7\u00e3o.<\/p>\n<p class=\"\">\u00c9 permitida a distribui\u00e7\u00e3o e reprodu\u00e7\u00e3o do material, mantendo o objetivo de apoiar movimentos pastorais, equipes de liturgia e minist\u00e9rios de m\u00fasica e adora\u00e7\u00e3o.<\/p>\n<p class=\"\">As cifras apresentadas s\u00e3o fruto de um trabalho musical realizado em celebra\u00e7\u00f5es cat\u00f3licas (missas, semin\u00e1rios, encontros) e podem eventualmente n\u00e3o refletir a melodia original dos autores. Se voc\u00ea est\u00e1 procurando a harmonia original esse projeto poder\u00e1 n\u00e3o atend\u00ea-lo, pois as influ\u00eancias regionais e os costumes locais de interpreta\u00e7\u00e3o das m\u00fasicas t\u00eam interfer\u00eancia nos arranjos apresentados.<\/p>\n<\/div>\n<\/div>\n<div class=\"col-md-6 col-sm-12 col-xs-12 align-column-center\" style=\"padding: 0em;\">\n<p class=\"\"><img loading=\"lazy\" decoding=\"async\" class=\"wp-image-51 aligncenter\" src=\"http:\/\/www.livrodecantos.com.br\/p\/wp-content\/uploads\/2020\/09\/150-300x200.jpg\" alt=\"\" width=\"524\" height=\"350\"><\/p>\n<\/div>\n<\/div>\n<\/div>\n<\/div>\n","protected":false},"excerpt":{"rendered":"<p>Livro de Cantos \u00e9 uma iniciativa destinada a participantes de minist\u00e9rios de m\u00fasica e louvor, volunt\u00e1rios de movimentos musicais pastorais, equipes de liturgia, equipes de canto e m\u00fasicos em geral. Essa \u00e9 uma iniciativa&nbsp;sem fins lucrativos&nbsp;n\u00e3o sendo permitida sua comercializa\u00e7\u00e3o.<\/p>\n","protected":false},"author":1,"featured_media":0,"parent":0,"menu_order":0,"comment_status":"closed","ping_status":"closed","template":"template\/page\/fullwidth.php","meta":{"bgseo_title":"","bgseo_description":"","bgseo_robots_index":"index","bgseo_robots_follow":"follow","footnotes":""},"class_list":["post-38","page","type-page","status-publish","hentry"],"_links":{"self":[{"href":"http:\/\/www.livrodecantos.com.br\/p\/wp-json\/wp\/v2\/pages\/38","targetHints":{"allow":["GET"]}}],"collection":[{"href":"http:\/\/www.livrodecantos.com.br\/p\/wp-json\/wp\/v2\/pages"}],"about":[{"href":"http:\/\/www.livrodecantos.com.br\/p\/wp-json\/wp\/v2\/types\/page"}],"author":[{"embeddable":true,"href":"http:\/\/www.livrodecantos.com.br\/p\/wp-json\/wp\/v2\/users\/1"}],"replies":[{"embeddable":true,"href":"http:\/\/www.livrodecantos.com.br\/p\/wp-json\/wp\/v2\/comments?post=38"}],"version-history":[{"count":2,"href":"http:\/\/www.livrodecantos.com.br\/p\/wp-json\/wp\/v2\/pages\/38\/revisions"}],"predecessor-version":[{"id":43,"href":"http:\/\/www.livrodecantos.com.br\/p\/wp-json\/wp\/v2\/pages\/38\/revisions\/43"}],"wp:attachment":[{"href":"http:\/\/www.livrodecantos.com.br\/p\/wp-json\/wp\/v2\/media?parent=38"}],"curies":[{"name":"wp","href":"https:\/\/api.w.org\/{rel}","templated":true}]}}